he remainder when t is divided by s(-8).
13
Let g be 4/6*(-4 + 118). Suppose -3*y + 80 = -g. Let h = 225 + -214. What is the remainder when y is divided by h?
8
Suppose -3*l + 4 = -5, v = 3*l + 73. What is the remainder when v is divided by -58*(-1)/(-14)*-7?
24
Calculate the remainder when 1329 is divided by -674*69/46*(-2)/6.
318
Suppose -54*s + 280 = -260. Calculate the remainder when 4257 is divided by s.
7
Let p(v) be the second derivative of -35*v**3/6 + 34*v**2 - 633*v. Let i(g) = g**2 + g - 4. What is the remainder when p(-1) is divided by i(3)?
7
Suppose 31*z = 46*z - 29*z. Let a be (0 - 0) + 5*1. Suppose -a*k = s + s - 407, z = 2*k + 5*s - 146. What is the remainder when k is divided by 14?
13
Let g = -629 - -774. Suppose g = 15*t - 20. Calculate the remainder when 395 is divided by t.
10
Let a(k) = 27*k - 428. Let s be a(16). Suppose -s*t + l = -15 - 221, -295 = -5*t + 3*l. What is the remainder when t is divided by 19?
2
Suppose -8 = 27*r - 29*r. Suppose -30*h = -31*h - r, 0 = 5*v - 4*h - 706. What is the remainder when v is divided by 7?
5
Let i = 280 + -282. Calculate the remainder when (i/(-4))/(2 + (-195)/98) is divided by 29.
20
Suppose -a - 2*g - 65 = -97, a - 2*g - 40 = 0. Calculate the remainder when 227 is divided by a.
11
Suppose 16 = -2*t + t. Let i be (-3)/12 + (-84)/t. Suppose -2*z + f + 44 = -0, 95 = 5*z + i*f. What is the remainder when z is divided by 11?
10
Let o(x) = 21 + 725*x - 365*x - 372*x. Calculate the remainder when o(-3) is divided by 20.
17
Suppose -3*k + 82 = -4*h + 106, 0 = -4*h - 2*k + 4. Calculate the remainder when (-6 + 2)/((-12)/66) is divided by h.
1
Suppose -20*f - 21*f + 3763 = 12*f. What is the remainder when 3975 is divided by f?
70
Suppose -w - 4*w = 400. Let k be (-4)/(5/w*-4). Let h = k + 52. Calculate the remainder when h is divided by 13.
10
Let o = 3527 - 3519. Calculate the remainder when 1143 is divided by o.
7
Let m(y) = -y**3 + 8*y**2 - 6*y - 4. Let v be m(5). Suppose q - v = -z, 4*q + z + 37 = 216. What is the remainder when 135 is divided by q?
43
Let l = 15714 + -15644. Calculate the remainder when 6015 is divided by l.
65
Let w = 125 - 134. Let x(c) = 7*c + 83. Calculate the remainder when 26 is divided by x(w).
6
Let k(f) = -4*f**2 - 4*f - 14. Let z be k(5). Let x = -141 + z. What is the remainder when 59 is divided by (1 - (-9)/(-5))*x/11?
19
Let t(n) be the second derivative of -n**5/20 - 13*n**4/12 - n**3/3 + 33*n**2/2 - 25*n. Calculate the remainder when t(-13) is divided by 13.
7
Suppose -131*g + 2464 = 88*g + 1740 - 3875. Let x = 217 - 93. Calculate the remainder when x is divided by g.
19
Let o = -175 + 178. Calculate the remainder when 1 + 2 - 2 - -15 is divided by (-10)/o*(-32 + 29).
6
Suppose -72 = -2*w - 76, 0 = 3*c + 4*w - 103. Calculate the remainder when 2030 is divided by c.
32
Let m(y) = 4*y**3 + y**2 - 4*y + 2. What is the remainder when (-2277)/(-18) + (-12)/(-8) is divided by m(2)?
8
Suppose m + 2*h - 990 = 0, 4*m + 358*h = 354*h + 3928. What is the remainder when m is divided by 198?
182
Let m(q) = 2*q**2 + 13*q + 20. Let x be m(-5). Suppose 5*h = 2*b - 7*b + 330, h - x*b - 48 = 0. Calculate the remainder when (-3)/(-3)*-3 + 190 is divided by h.
61
Suppose 5*x - 478 = -j, 5*j = -2*x + 1313 + 1146. Calculate the remainder when j is divided by 166.
161
Let n(m) = -15*m**2 - m + 105. What is the remainder when 178 is divided by n(0)?
73
Let q(d) = -d**3 + 12*d**2 + 44*d + 19. Let l be q(15). Suppose 19*n - 1245 = l*n. Calculate the remainder when n is divided by 14.
13
Calculate the remainder when 231 is divided by (-9 + 429/52)*(-312)/9.
23
Suppose 0*i = -4*i + 12. Suppose 4 = i*c - 5. What is the remainder when (76/c)/(20/30) is divided by 13?
12
Let n be (-3 - 1)*(-2 + 3). Let h(w) = 12*w**2 + 13*w**2 + 12*w**2 - 2 - w - 34*w**2 - 3. What is the remainder when h(n) is divided by 10?
7
Suppose -70 = -4*q + 3*f, -12*q = -11*q - 5*f - 9. What is the remainder when 3911 is divided by q?
16
Let i(x) = 67*x - 598. Calculate the remainder when 1188 is divided by i(9).
3
Suppose 0 = 2*j - 2*b - 1508, -5*j + j - 3*b = -2981. Calculate the remainder when j is divided by 8.
5
Suppose 2*t = -2*t + 48. What is the remainder when (55/165)/(46/45 - 1) is divided by t?
3
Let x be (-20 - -18) + (1 + -10)*-1. Let l(y) = 51*y + 14. What is the remainder when l(x) is divided by 62?
61
Suppose 0 = 4*r + 2*r - 1224. Suppose r = -2*l + 6*l. Suppose 4*n - 5*x = 47, 2*n + 22 = 4*n - 4*x. What is the remainder when l is divided by n?
12
Suppose t - 110 = 2*i, 527 = 5*t + 5*i + 37. Let l = 119 - t. Suppose -5*j = -2*y - 125 - 191, 3*j = 2*y + 192. Calculate the remainder when j is divided by l.
11
Let o(t) = -t**3 - 8*t**2 + 7*t - 11. Let w be o(-8). Let c = 97 + w. What is the remainder when c is divided by (-24)/2*(3 - (-33)/(-9))?
6
Let j = -692 - -750. Calculate the remainder when 664 is divided by j.
26
Let q = 303 + -303. Suppose 3*u - 277 - 71 = -4*l, q = 2*l - 4*u - 174. Calculate the remainder when 344 is divided by l.
83
Suppose 76*d + 2932 - 16992 = 0. What is the remainder when 836 is divided by d?
96
Suppose n = s - 8, 5*n - 4*s + 39 - 3 = 0. Let y = 5 + n. What is the remainder when 45 is divided by 8*(y + (-4)/(-4))?
13
Let i = -136028 + 136104. Let c(v) = -2*v + 8. Calculate the remainder when i is divided by c(-6).
16
Let f be (-105)/60 - 2/8 - -14. Let w(h) = 20*h - 86. Calculate the remainder when w(f) is divided by 32.
26
Let l be 12/(-12) + (-8)/(-1). Let o = -1 + l. What is the remainder when 22 is divided by o?
4
Let f(y) = -y**3 - 2*y**2 + 45*y - 1. Let b(d) = d**3 - 15*d**2 + 2*d - 38. Let i be b(15). What is the remainder when 45 is divided by f(i)?
22
Let k be (4 - 7)*((-80)/12)/5. Suppose -k*w - 7 = -59. What is the remainder when 102 is divided by w?
11
Let b(d) = -d**3 - 14*d**2 + 11*d - 10. Let t be b(-9). Let l = 544 + t. What is the remainder when 266 is divided by l?
26
Let b(k) be the first derivative of 5/3*k**3 + 0*k + 3/2*k**2 + 28. What is the remainder when b(-2) is divided by 13?
1
Let u(q) = -45*q - 954. What is the remainder when u(-30) is divided by 25?
21
Let a(l) = 8*l + 14. Let j(v) = -v - 1. Let n(c) = 4*a(c) + 36*j(c). What is the remainder when n(-6) is divided by (165/44)/((-1)/(-4))?
14
Suppose 5*o + 10 + 22 = 3*z, 2*z + 3*o = -4. Suppose -3*a + z*i + 2137 = -646, -5*i - 2779 = -3*a. What is the remainder when a is divided by 8?
5
Suppose -g + 150 = 4*b, 3*g + 317 - 27 = 8*b. Calculate the remainder when 715 is divided by b.
12
Suppose 1820 = -1641*m + 1676*m. Calculate the remainder when 167 is divided by m.
11
Let l(f) be the third derivative of f**5/60 + f**4/12 + f**3/3 + 18*f**2 - 13*f. Let k = 10 - 6. What is the remainder when l(k) is divided by 7?
5
Let l = -112707 + 112728. Suppose 6*n + 8 = 2*n, 4*u - 122 = -n. What is the remainder when u is divided by l?
10
Let b = -212 + 379. Let x = 4130 - 4073. Calculate the remainder when b is divided by x.
53
Let f = -6134 + 6180. Calculate the remainder when 273 is divided by f.
43
Suppose 653*f + 6 = 650*f. What is the remainder when 32 is divided by ((-154)/55)/(f/5)?
4
Suppose 10*h + 77 = 7. Let d = 14 + h. What is the remainder when 36 is divided by d?
1
Let h = -458 - -1297. Let s = 854 - h. Calculate the remainder when 238 is divided by s.
13
Suppose -10*y - 280 = -14*y. Suppose 5 = -u, 15*r = 11*r + 2*u + y. What is the remainder when 34 is divided by r?
4
Let j(a) = -6*a**3 + 11*a**2 - 11*a + 2. Let b be j(5). Let o = -421 - b. What is the remainder when o is divided by 10?
7
Let f(g) = 5*g - 14. Suppose -2*j + u - 96 = 21, 163 = -3*j - u. Let q = j + 67. What is the remainder when f(q) is divided by 14?
13
Suppose -4*p = 3*l - 39, -5*l + 5*p = 24 - 89. Suppose 14*m - l*m = 16. Let i(a) = a**2 - 22*a + 66. What is the remainder when m is divided by i(19)?
7
Suppose 0 = -2*o + 6, -4*w - 2*o + 496 = -1098. Calculate the remainder when w is divided by 16.
13
Let c = 77 - -13. Calculate the remainder when c is divided by 27.
9
Let b(w) = -w**2 + 74*w - 461. Calculate the remainder when 1613 is divided by b(66).
5
Calculate the remainder when 4 - 120/27 - (-4 + 27556/(-36)) is divided by 51.
4
Let u be 2 - (132/(-6))/(2/(-14)). Let l = -77 - u. What is the remainder when (-3)